331. What is the units digit of z?
0
Let z(y) be the first derivative of -y**4/4 - y**3/3 - y**2 - y + 22. Suppose 0 = 3*x - 4 + 7. What is the units digit of z(x)?
1
Suppose -2*w = 3*v - 9581, -140*v + 4*w = -139*v - 3217. What is the units digit of v?
7
What is the hundreds digit of -2833*(-5)/75 + (-10)/(-75)?
1
Let d(f) be the first derivative of -4*f**2 - 27*f + 7. What is the units digit of d(-14)?
5
Let d = 4 - 14. Let b be (d - -10)/(2 - 0). Suppose b = 2*c + 7 - 39. What is the tens digit of c?
1
Suppose -3*d - 3*i = -8*d + 8092, -2*d + 7*i = -3231. What is the units digit of d?
9
Let u(n) = -n**2 - 8*n - 4. Let h be u(-6). Suppose -547 - 141 = -h*x. What is the units digit of x?
6
Let n = -24 - -24. Let t be n + 1 - (-4)/4. Suppose -5*x = -g - 38, -3*g - t*g - 29 = -2*x. What is the units digit of x?
7
Let j(r) = -15*r + 9. Let a be j(-4). Suppose -2*x + 5 = 2*t - 13, -5*x + t + a = 0. What is the tens digit of x?
1
Suppose -j = 13 - 6. Let r be 3 - (-22*1 + 3). What is the tens digit of (-229)/j + r/77?
3
Let z = -20 + 20. Suppose z = 8*m - 5*m + 216. Let t = -39 - m. What is the tens digit of t?
3
Let y(n) = -3 + n**3 + 5*n**3 + 7 + 0*n**2 - 4*n**2. Let q = -2 - -4. What is the tens digit of y(q)?
3
What is the tens digit of (-2)/1*-3*(-1924)/(-24)?
8
Let l(s) = 86*s**2 + s + 3. Let u be l(-2). Suppose -4*v = 5*h - u, -h = -0*v + 2*v - 171. What is the tens digit of v?
8
Let y be (0 - -4) + 2 - 3. Suppose y*f + 2*f - 4*v - 63 = 0, -f = -5*v - 21. What is the tens digit of f?
1
Let s = 1219 + -759. What is the hundreds digit of s?
4
Let x(h) = 2*h + 10. Let d be x(-3). Suppose 0 = -2*r - 4*i - 8, -3*r + 2 = d*i + 6. What is the units digit of ((-86)/r - 2)*-2?
7
Let s(g) = -g**3 + 13*g**2 - g + 11. Let j be s(13). Let d = 12 + j. Let m = 10 + d. What is the tens digit of m?
2
Let q(v) = -2*v - 4 - 29*v**2 + 24*v**2 + 5. Let c be q(-2). Let x = c - -23. What is the units digit of x?
8
Suppose 0 = 4*o + 91 + 5. Let i = o + 20. What is the units digit of 53 - (i - (-3 - -2))?
6
Let l(w) = 1008*w**2 + 23*w + 22. What is the tens digit of l(-1)?
0
Suppose -2*o = o + s - 11, 4*o - 4*s - 36 = 0. Suppose 9 = o*i - 6. Suppose 2*y + 72 = i*f + f, 0 = 2*f - 3*y - 32. What is the tens digit of f?
1
Suppose 0 = m - 4*m. Suppose f + 2*o - 73 = m, -o + 4*o + 303 = 4*f. Suppose -f = -4*g - p + 36, 0 = -4*p - 4. What is the tens digit of g?
2
Let b(y) = -5*y - 8. Let c(i) = 16*i**3 - 2*i**2 + 2*i - 1. Let r be c(1). Suppose -2*n + h = 8, 4*n + 25 = -4*h - r. What is the tens digit of b(n)?
2
Suppose -138 = -3*m + 3. Let x = 33 + m. What is the tens digit of x?
8
Let k = 130 - 116. Suppose -142 = -k*w + 1328. What is the tens digit of w?
0
Let y = 1057 + -178. What is the units digit of y?
9
Suppose 9*c - 5*c = 0. Suppose c = o - a - 63, o - 297 = -3*o - 5*a. What is the tens digit of o?
6
Let t = 4898 + -2442. What is the tens digit of t?
5
What is the tens digit of (6/4)/(21/8764)?
2
Let u be 8 - 10 - (-2)/(2/(-3)). What is the tens digit of (-428)/(-2)*1 - u?
1
Let u be (-1*1)/(4/(-12)). Let w(s) = s + 1. Let k be w(u). Suppose k*c - 79 = 2*q + q, -4*q = -3*c + 54. What is the units digit of c?
2
Let p be (-4)/((-8)/(-2)) + 3. Suppose 3*v + 1 = -p*a - 50, 5*v + 60 = 5*a. Let f = 9 - v. What is the tens digit of f?
2
Let u(k) = -6 + 4 - 18 + 6*k + 0*k. Let i be u(8). What is the units digit of i/(-6)*(-10 + -2)?
6
Let d be (-150)/(-125)*50*-1. Let n = -27 - d. What is the units digit of n?
3
Let y(r) = -3*r**3 - 7*r**2 + r + 10. What is the units digit of y(-6)?
0
Let i = 1412 + -974. Let j = -177 + i. What is the units digit of j?
1
Let m = -33 - -56. Let o(v) = 6*v - 21. What is the tens digit of o(m)?
1
Suppose 0 = -54*u + 59*u - 1140. What is the units digit of u?
8
Suppose -30 = -7*s + 2*s. Let j be 42/s + 2/(-1). What is the units digit of 6/(-3 - (1 - j))?
6
Let p(y) = 5*y**2 - 17*y + 95. What is the units digit of p(10)?
5
Let j be (62/(-8))/((-9)/36). Suppose -12 = -r + j. What is the units digit of r?
3
Let c(k) = k - 2. Let p be c(6). Let y be 4/(-16) - (-417)/p. Suppose y - 4 = 5*z. What is the units digit of z?
0
Let w be 0*3/15 - (-4 - -1). Suppose -w*c = -4*v - 216, -4*c + 335 = 5*v + 16. What is the tens digit of c?
7
Let i(r) = 4*r**2 - r + 2. Let l be i(2). Suppose 2*o - 6*o = -l. Suppose o*v + 2*f = 22 + 44, -5*f - 30 = -3*v. What is the tens digit of v?
1
Let k(i) = 3*i**2 + 56*i - 18. Suppose c + c - 2*q = -38, q = -3*c - 65. What is the tens digit of k(c)?
2
Let r(b) = 70*b**2 - 10*b + 18. Let q be r(3). Suppose -g = -h - 202, g + 3*h = -2*g + q. What is the tens digit of g?
0
Suppose -8*c - 4*y + 3172 = -6*c, 3*y - 12 = 0. What is the tens digit of c?
7
Let r(u) be the first derivative of 17*u**2 - 13*u + 6. What is the units digit of r(5)?
7
Let j be (0/(-2))/(1/1). Let t(l) = -7*l - 62. Let w(r) = -15*r - 124. Let h(x) = -13*t(x) + 6*w(x). What is the units digit of h(j)?
2
Let z = -20 - -25. Suppose 121 = -z*s - 104. Let v = -23 - s. What is the tens digit of v?
2
Let d(o) = o**2 + 4*o - 7. Let g be d(-5). Let y = g - -31. Let x = y + -9. What is the tens digit of x?
2
Let y(x) = 14 - 10 - 8 + 4*x**2 - 5. What is the units digit of y(-5)?
1
Let i(m) = 2*m**3 + 6*m**2 + 9*m - 1. Let p(f) = f**3 + 3*f**2 + 4*f. Let w(b) = -6*i(b) + 13*p(b). What is the units digit of w(-3)?
2
Suppose -3*c - 8 + 20 = 0. Let x(m) = -m + 11. Let h be x(7). Suppose -4 = 4*f + 4*y, -3 = h*f - c*y - 31. What is the units digit of f?
3
Suppose 0*d + 5624 = 4*b - d, 0 = -b - 2*d + 1415. What is the hundreds digit of b?
4
Let q(w) = -w**3 - 3*w**2 + 4*w - 5. Let k be q(-7). Let z = 309 - k. What is the hundreds digit of z?
1
Suppose 6 = -3*v + 3*a, -8*a = -3*v - 13*a + 10. Let r(j) = -5*j + 72. What is the units digit of r(v)?
2
Suppose 0 = 2*z - 2*k - 268, 0*z + 4*k = 5*z - 667. Let l = 210 - z. What is the tens digit of l?
7
Let m be (-1*1 - -15)/((-32)/(-16)). Suppose m*h - 936 = -h. What is the hundreds digit of h?
1
Let k be 690/14 - (-24)/(-84). Suppose 3*i + 5*y - 3*y = k, 0 = 5*y - 10. What is the units digit of i?
5
Let t be (2/6)/((-5)/(-165)). Let g = 14 - t. Suppose -j - 2*j + 1 = a, -j - 2*a = g. What is the units digit of j?
1
Suppose 7*r - 2*r = 45. Suppose -r*a + 85 = -77. What is the units digit of a?
8
Let w = -19 + 22. Suppose -w*g = 2*j + g - 32, j = 3*g + 41. What is the tens digit of j?
2
Let w(t) = 4*t - 1. Let s be 1/4 - (-246)/(-24). Let q = s - -15. What is the units digit of w(q)?
9
Let l(j) = 25*j - 3. Let m(n) = -n - 1. Let u(b) = -2*b. Let k(x) = -2*m(x) + 14*u(x). Let v(y) = 2*k(y) + 3*l(y). What is the units digit of v(2)?
1
What is the tens digit of (-147)/(-2)*(-23)/((-115)/30)?
4
Let l(n) = -n + 8. Let s be l(4). Suppose -6*w + 120 = -3*w - k, 0 = s*w - k - 159. What is the units digit of w?
9
Let u(i) = -9*i + 6. Let g(h) = -2*h**2 + 20*h + 17. Let a be g(11). What is the units digit of u(a)?
1
Suppose 0 = 3*i + i - 36. Let h = -1 + i. Let v(k) = -k + 13. What is the units digit of v(h)?
5
Let g(i) = -i**3 + i**2 - 3*i - 1. Suppose 5*a + 10 = 0, 4*a - 5 - 2 = 3*b. Let j = -7 - b. What is the tens digit of g(j)?
1
Let b = 95 - 83. What is the units digit of b?
2
Let n(l) = -15*l**3 + 4*l**2 + 7*l - 10. What is the tens digit of n(-4)?
8
What is the hundreds digit of 3436 - ((-12)/(-27) - 69/(-27))?
4
Suppose 1976 = -3*g + 2*s + 5614, 1204 = g - 5*s. What is the tens digit of g?
1
Let f(b) = -b + 12. Let r be f(-16). What is the units digit of ((-6)/72*-6)/(1/r)?
4
Suppose -11832 = -15*y + 12*y + 5*z, 0 = -3*y + 2*z + 11841. What is the tens digit of y?
4
Let i be (2 - 3)/(((-4)/(-1))/(-16)). Suppose 0 = -r - 4*w + 39 + 78, 5*r - 665 = -i*w. What is the units digit of r?
7
Let o = 2050 - 648. What is the thousands digit of o?
1
Suppose 3*k = -12, -5*o - 2 = 3*k - 0*k. Let w be (6/o)/((-9)/(-90)). Let y = w + 6. What is the tens digit of y?
3
Suppose -4*i = -7*i + 12. Suppose -1 = i*r - 21. What is the units digit of r?
5
Let c = -95 + 95. Suppose 8 = 4*v, c = -4*y + 4*v + v + 666. What is the units digit of y?
9
Let g be -26 - 3/(-6)*-4. Let y = g + 33. Suppose y*x + 3*b = 345, 4*x - 4*b + 7*b - 276 = 0. What is the units digit of x?
9
Let r be (-2)/(-8) + 399/(-28). Let c be 6/r - (-528)/7. Suppose 5*y - c = 3*